{"id":115,"date":"2024-11-06T15:38:56","date_gmt":"2024-11-06T15:38:56","guid":{"rendered":"https:\/\/lateliersophro.fr\/?page_id=115"},"modified":"2024-11-06T16:37:52","modified_gmt":"2024-11-06T16:37:52","slug":"deontologie","status":"publish","type":"page","link":"https:\/\/lateliersophro.fr\/?page_id=115","title":{"rendered":"D\u00e9ontologie"},"content":{"rendered":"<p>[et_pb_section fb_built=\u00a0\u00bb1&Prime; _builder_version=\u00a0\u00bb4.27.2&Prime; background_color=\u00a0\u00bb#117f9e\u00a0\u00bb custom_margin=\u00a0\u00bb-58px||||false|false\u00a0\u00bb custom_padding=\u00a0\u00bb30px||18px||false|false\u00a0\u00bb border_width_top=\u00a0\u00bb10px\u00a0\u00bb border_color_top=\u00a0\u00bb#202140&Prime; border_width_right=\u00a0\u00bb10px\u00a0\u00bb border_color_right=\u00a0\u00bb#202140&Prime; border_width_left=\u00a0\u00bb10px\u00a0\u00bb border_color_left=\u00a0\u00bb#202140&Prime; global_colors_info=\u00a0\u00bb{}\u00a0\u00bb][et_pb_row _builder_version=\u00a0\u00bb4.27.2&Prime; background_size=\u00a0\u00bbinitial\u00a0\u00bb background_position=\u00a0\u00bbtop_left\u00a0\u00bb background_repeat=\u00a0\u00bbrepeat\u00a0\u00bb custom_margin=\u00a0\u00bb58px||||false|false\u00a0\u00bb global_colors_info=\u00a0\u00bb{}\u00a0\u00bb][et_pb_column type=\u00a0\u00bb4_4&Prime; _builder_version=\u00a0\u00bb4.16&Prime; custom_padding=\u00a0\u00bb|||\u00a0\u00bb global_colors_info=\u00a0\u00bb{}\u00a0\u00bb custom_padding__hover=\u00a0\u00bb|||\u00a0\u00bb][et_pb_text _builder_version=\u00a0\u00bb4.27.2&Prime; _module_preset=\u00a0\u00bbdefault\u00a0\u00bb header_font=\u00a0\u00bbSacramento||||||||\u00a0\u00bb header_text_align=\u00a0\u00bbcenter\u00a0\u00bb header_text_color=\u00a0\u00bb#FFFFFF\u00a0\u00bb header_font_size=\u00a0\u00bb4em\u00a0\u00bb custom_padding=\u00a0\u00bb0px||0px||false|false\u00a0\u00bb global_colors_info=\u00a0\u00bb{}\u00a0\u00bb]<\/p>\n<h1>L&rsquo;atelier Sophro<\/h1>\n<p>[\/et_pb_text][\/et_pb_column][\/et_pb_row][\/et_pb_section][et_pb_section fb_built=\u00a0\u00bb1&Prime; _builder_version=\u00a0\u00bb4.27.2&Prime; _module_preset=\u00a0\u00bbdefault\u00a0\u00bb custom_padding=\u00a0\u00bb21px|||||\u00a0\u00bb border_width_right=\u00a0\u00bb10px\u00a0\u00bb border_color_right=\u00a0\u00bb#202140&Prime; border_width_left=\u00a0\u00bb10px\u00a0\u00bb border_color_left=\u00a0\u00bb#202140&Prime; global_colors_info=\u00a0\u00bb{}\u00a0\u00bb][et_pb_row column_structure=\u00a0\u00bb3_5,2_5&Prime; _builder_version=\u00a0\u00bb4.27.2&Prime; _module_preset=\u00a0\u00bbdefault\u00a0\u00bb global_colors_info=\u00a0\u00bb{}\u00a0\u00bb][et_pb_column type=\u00a0\u00bb3_5&Prime; _builder_version=\u00a0\u00bb4.27.2&Prime; _module_preset=\u00a0\u00bbdefault\u00a0\u00bb global_colors_info=\u00a0\u00bb{}\u00a0\u00bb][et_pb_text _builder_version=\u00a0\u00bb4.27.2&Prime; _module_preset=\u00a0\u00bbdefault\u00a0\u00bb text_font_size=\u00a0\u00bb13px\u00a0\u00bb link_font=\u00a0\u00bb||||on||||\u00a0\u00bb link_text_color=\u00a0\u00bb#d9a70e\u00a0\u00bb header_3_font=\u00a0\u00bbArial||||||||\u00a0\u00bb header_3_text_color=\u00a0\u00bbrgba(0,0,0,0.58)\u00a0\u00bb header_3_font_size=\u00a0\u00bb1.75em\u00a0\u00bb header_4_font=\u00a0\u00bbArial||||||||\u00a0\u00bb header_4_font_size=\u00a0\u00bb1.13em\u00a0\u00bb header_4_line_height=\u00a0\u00bb2em\u00a0\u00bb background_enable_color=\u00a0\u00bboff\u00a0\u00bb hover_enabled=\u00a0\u00bb0&Prime; global_colors_info=\u00a0\u00bb{}\u00a0\u00bb sticky_enabled=\u00a0\u00bb0&Prime;]<\/p>\n<header class=\"article-header\">\n<h2 class=\"page-title\" itemprop=\"headline\" style=\"text-align: left;\">D\u00e9ontologie<\/h2>\n<\/header>\n<section class=\"entry-content cf\" itemprop=\"articleBody\">\n<p style=\"text-align: left;\">_______<\/p>\n<section class=\"entry-content cf\" itemprop=\"articleBody\">Le pr\u00e9sent code de d\u00e9ontologie est le socle commun des sophrologues adh\u00e9rents \u00e0 la Chambre Syndicale de la Sophrologie. Il d\u00e9finit leurs engagements envers le public, leurs clients et la profession.<br \/>Ce code de d\u00e9ontologie garantit l\u2019\u00e9thique professionnelle des sophrologues.<\/p>\n<h4>Article 1<\/h4>\n<p>Les sophrologues s\u2019engagent \u00e0 affirmer l\u2019\u00e9galit\u00e9 entre les personnes et \u00e0 en respecter l\u2019originalit\u00e9 et la dignit\u00e9.<\/p>\n<h4>Article 2<\/h4>\n<p>Les sophrologues s\u2019engagent \u00e0 interdire toute propagande ou pros\u00e9lytisme religieux ou id\u00e9ologique au sein de leurs cabinets ou lieux d\u2019intervention. Ils s\u2019engagent \u00e0 lutter contre toutes les d\u00e9rives sectaires dont ils seraient t\u00e9moins.<\/p>\n<h4>Article 3<\/h4>\n<p>Les sophrologues s\u2019engagent \u00e0 respecter et \u00e0 prot\u00e9ger l\u2019int\u00e9grit\u00e9 physique et psychique des personnes sous leur responsabilit\u00e9.<\/p>\n<h4>Article 4<\/h4>\n<p>Les sophrologues s\u2019engagent \u00e0 respecter la confidentialit\u00e9 des informations collect\u00e9es durant leurs accompagnements individuels ou de groupes.<\/p>\n<h4>Article 5<\/h4>\n<p>Les sophrologues s\u2019engagent \u00e0 respecter et \u00e0 faire respecter la l\u00e9gislation en vigueur.<\/p>\n<h4>Article 6<\/h4>\n<p>Les sophrologues s\u2019engagent \u00e0 actualiser r\u00e9guli\u00e8rement leurs savoirs et leurs comp\u00e9tences afin de r\u00e9pondre aux attentes du public et aux \u00e9volutions de la sophrologie.<\/p>\n<h4>Article 7<\/h4>\n<p>Les sophrologues s\u2019engagent \u00e0 diffuser des offres claires et compr\u00e9hensibles par le public. Ces offres doivent d\u00e9finir les modalit\u00e9s d\u2019accompagnement, les objectifs vis\u00e9s et les limites de la sophrologie.<\/p>\n<h4>Article 8<\/h4>\n<p>Les sophrologues s\u2019engagent \u00e0 ne pas diffuser d\u2019informations pouvant induire le public ou les m\u00e9dias en erreur ou nuisant \u00e0 l\u2019image de la profession.<\/p>\n<h4>Article 9<\/h4>\n<p>Les sophrologues s\u2019engagent \u00e0 user de leur droit de rectification aupr\u00e8s des m\u00e9dias afin de contribuer au s\u00e9rieux des informations communiqu\u00e9es au public sur la sophrologie.<\/p>\n<h4>Article 10<\/h4>\n<p>Les sophrologues s\u2019engagent \u00e0 respecter les concepts et principes g\u00e9n\u00e9raux de la sophrologie. Ils s\u2019engagent \u00e9galement \u00e0 ne pas d\u00e9naturer ou amalgamer la sophrologie avec d\u2019autres techniques sans que leurs clients en soient avertis.<\/p>\n<h4>Article 11<\/h4>\n<p>Les sophrologues s\u2019engagent \u00e0 respecter les limites de leurs comp\u00e9tences et \u00e0 orienter leurs clients vers un autre professionnel lorsque celui-ci n\u00e9cessite un traitement ou une aide th\u00e9rapeutique ne relevant pas de leurs comp\u00e9tences.<\/p>\n<h4>Article 12<\/h4>\n<p>Les sophrologues s\u2019engagent \u00e0 ne pas se substituer aux professionnels de sant\u00e9, \u00e0 ne pas prodiguer de diagnostic, de prescriptions m\u00e9dicales et \u00e0 ne pas interf\u00e9rer avec des traitements m\u00e9dicaux en cours.<\/p>\n<h4>Article 13<\/h4>\n<p>Les sophrologues s\u2019engagent \u00e0 conserver leur \u00e9thique professionnelle lorsqu\u2019ils interviennent sous l\u2019autorit\u00e9 d\u2019une entreprise ou d\u2019un organisme.<\/p>\n<h4>Article 14<\/h4>\n<p>Les sophrologues s\u2019engagent, dans la mesure du possible, \u00e0 proposer un confr\u00e8re \u00e0 leurs clients<br \/>lorsqu\u2019ils seront dans l\u2019impossibilit\u00e9 \u00e0 fournir leurs services.<\/p>\n<h4>Article 15<\/h4>\n<p>Les sophrologues s\u2019engagent \u00e0 entretenir des relations confraternelles de respect et de courtoisie, d\u2019honn\u00eatet\u00e9 et de bonne foi avec les autres sophrologues.<\/p>\n<h4>Article 16<\/h4>\n<p>Tout sophrologue qui ne respecterait pas le pr\u00e9sent code de d\u00e9ontologie pourrait se voir exclu de la Chambre Syndicale de Sophrologie.<\/p>\n<\/section>\n<\/section>\n<p>[\/et_pb_text][\/et_pb_column][et_pb_column type=\u00a0\u00bb2_5&Prime; _builder_version=\u00a0\u00bb4.27.2&Prime; _module_preset=\u00a0\u00bbdefault\u00a0\u00bb global_colors_info=\u00a0\u00bb{}\u00a0\u00bb][et_pb_image src=\u00a0\u00bbhttps:\/\/lateliersophro.fr\/wp-content\/uploads\/2024\/10\/amandine-calcoen.png\u00a0\u00bb title_text=\u00a0\u00bbamandine-calcoen\u00a0\u00bb align=\u00a0\u00bbcenter\u00a0\u00bb _builder_version=\u00a0\u00bb4.27.2&Prime; _module_preset=\u00a0\u00bbdefault\u00a0\u00bb width=\u00a0\u00bb49%\u00a0\u00bb global_colors_info=\u00a0\u00bb{}\u00a0\u00bb][\/et_pb_image][et_pb_text _builder_version=\u00a0\u00bb4.27.2&Prime; _module_preset=\u00a0\u00bbdefault\u00a0\u00bb text_font=\u00a0\u00bbArial||||||||\u00a0\u00bb text_font_size=\u00a0\u00bb1em\u00a0\u00bb header_3_font=\u00a0\u00bbArial|||on|||||\u00a0\u00bb header_3_text_align=\u00a0\u00bbcenter\u00a0\u00bb header_3_font_size=\u00a0\u00bb1.4em\u00a0\u00bb text_orientation=\u00a0\u00bbjustified\u00a0\u00bb custom_padding=\u00a0\u00bb|50px||50px|false|true\u00a0\u00bb global_colors_info=\u00a0\u00bb{}\u00a0\u00bb]<\/p>\n<h3>Amandine Calcoen<\/h3>\n<p>Sophrologue et Hypnologue dans le Pas-de-Calais. Sophrologue certifi\u00e9e par l&rsquo;Institut de Formation \u00e0 la Sophrologie Paris X Hypnologue certifi\u00e9e par l&rsquo;ARCHE &#8211; Acad\u00e9mie pour la Recherche et la Connaissance en Hypnose Ericksonienne &#8211; Paris. Membre adh\u00e9rent \u00e0 la Chambre Syndicale de la Sophrologie<\/p>\n<p>[\/et_pb_text][\/et_pb_column][\/et_pb_row][\/et_pb_section]<\/p>\n","protected":false},"excerpt":{"rendered":"<p>L&rsquo;atelier Sophro D\u00e9ontologie _______ Le pr\u00e9sent code de d\u00e9ontologie est le socle commun des sophrologues adh\u00e9rents \u00e0 la Chambre Syndicale de la Sophrologie. Il d\u00e9finit leurs engagements envers le public, leurs clients et la profession.Ce code de d\u00e9ontologie garantit l\u2019\u00e9thique professionnelle des sophrologues. Article 1 Les sophrologues s\u2019engagent \u00e0 affirmer l\u2019\u00e9galit\u00e9 entre les personnes et [&hellip;]<\/p>\n","protected":false},"author":1,"featured_media":0,"parent":0,"menu_order":0,"comment_status":"closed","ping_status":"closed","template":"","meta":{"_et_pb_use_builder":"on","_et_pb_old_content":"","_et_gb_content_width":"","footnotes":""},"class_list":["post-115","page","type-page","status-publish","hentry"],"_links":{"self":[{"href":"https:\/\/lateliersophro.fr\/index.php?rest_route=\/wp\/v2\/pages\/115","targetHints":{"allow":["GET"]}}],"collection":[{"href":"https:\/\/lateliersophro.fr\/index.php?rest_route=\/wp\/v2\/pages"}],"about":[{"href":"https:\/\/lateliersophro.fr\/index.php?rest_route=\/wp\/v2\/types\/page"}],"author":[{"embeddable":true,"href":"https:\/\/lateliersophro.fr\/index.php?rest_route=\/wp\/v2\/users\/1"}],"replies":[{"embeddable":true,"href":"https:\/\/lateliersophro.fr\/index.php?rest_route=%2Fwp%2Fv2%2Fcomments&post=115"}],"version-history":[{"count":3,"href":"https:\/\/lateliersophro.fr\/index.php?rest_route=\/wp\/v2\/pages\/115\/revisions"}],"predecessor-version":[{"id":121,"href":"https:\/\/lateliersophro.fr\/index.php?rest_route=\/wp\/v2\/pages\/115\/revisions\/121"}],"wp:attachment":[{"href":"https:\/\/lateliersophro.fr\/index.php?rest_route=%2Fwp%2Fv2%2Fmedia&parent=115"}],"curies":[{"name":"wp","href":"https:\/\/api.w.org\/{rel}","templated":true}]}}